 3) + (-11 - -8)
-2
Calculate (-1 - 0) + -15 + (7 - -7).
-2
1 - 1 - -1 - (-6 - -2)
5
What is the value of -14 - -13 - (-2 + -3) - 1?
3
Evaluate -9 + 5 + (-1 - -8 - 5).
-2
3 - (2 + 4 + (-5 - -4))
-2
-3 + 1 + 0 + 1 + 0
-1
What is the value of -1 + 2 + -6 - 0?
-5
(4 - 1) + -11 + 2 - -12
6
Calculate -1 + 5 - (13 - (5 + 8)).
4
What is the value of 3 - (17 + (-13 - -4))?
-5
Calculate -14 + 8 - -15 - 0.
9
-2 + ((3 - 6) + -2 - -1)
-6
Calculate 1 + (-2 - (-1 - (-3 - 1))).
-4
Evaluate -37 - -37 - (0 - (0 + 1)).
1
Calculate -2 + 2 - (6 + -5).
-1
What is 5 + (3 - 3) - (3 - 0)?
2
Calculate 3 + 0 + 4 + -3.
4
Calculate (-6 + 3 - -8) + -5.
0
Calculate -15 + 16 + 0 + 1 + -1.
1
Evaluate 2 + (4 - 7 - 4).
-5
-3 + 6 - 9 - (-23 + 25)
-8
Calculate 19 + -12 - ((-1 - -4) + 1).
3
2 + (-10 + 10 - (1 + 1))
0
0 - ((0 - 0) + 2)
-2
-2 + 5 + -6 + 9
6
Calculate 9 + -2 - (4 - -8 - 6).
1
Evaluate 0 + 6 - (18 - 17).
5
What is (-10 - -3) + 2 + 3 + -2?
-4
Calculate 1 + 2 + -8 + 4 + -2.
-3
What is the value of 1 - (-16 + (6 - -8))?
3
What is the value of -1 - 6 - (-49 - -42)?
0
5 + 1 + 5 + -8
3
Calculate -4 - (-13 + 17 - (9 + 2)).
3
Calculate (-3 + 6 - 3 - -3) + 2.
5
Calculate (5 + -3 + -7 - -6) + -5.
-4
What is 5 - (-6 - (-2 - 0) - -2)?
7
5 + (1 - (10 + -8))
4
What is -4 + -1 + (8 - 2) - 2?
-1
-19 + 20 + -1 + -1 - 4
-5
What is (6 - 4) + (-2 - -5) + -2?
3
Calculate -1 + 4 + -2 + 6 + -6.
1
What is the value of 43 - 39 - (5 + -2 + 1)?
0
What is -7 + -2 + (2 - (-3 - -1))?
-5
(2 - 4) + -2 + 3
-1
What is the value of (11 - -1) + -6 + -2?
4
Evaluate (-7 - (-3 + 5)) + 8.
-1
0 + -1 + -5 + 9 + 0
3
What is the value of -8 - ((-3 + 0 - -3) + -3)?
-5
What is 1 + (-1 + -4 - -1) - 1?
-4
What is the value of (-6 - -10) + -3 + 1 + -10?
-8
What is 5 - (-2 + 6 + (-1 - 3))?
5
1 - (1 - (-6 - -9))
3
What is the value of 7 - (-3 + (-2 - -21))?
-9
(3 - 15) + 9 - (2 + 0)
-5
What is the value of 3 + -6 + -5 + 8 + -6?
-6
-4 + 3 + -2 + -3 + 1
-5
Evaluate 1 - (6 - (1 - (8 - 14))).
2
What is 3 + (-4 - (-8 + 1) - 3)?
3
Calculate (-34 - -25) + 7 + -1.
-3
What is the value of -2 + (3 - 6) - -4?
-1
Evaluate 12 + -11 - (-13 - -8).
6
-1 - (13 + -4 - 3)
-7
What is the value of 5 - (-2 + 3 + 7 + -3)?
0
What is the value of 84 + -86 - (1 - 2)?
-1
Evaluate -3 + (1 - -2) + -3 + 2.
-1
Calculate ((8 - 3) + 3 - 4) + 0.
4
Calculate 3 - 7 - (3 + -13).
6
Evaluate -2 + (-2 - 1) - (3 + 0).
-8
Evaluate (9 - (7 - 4)) + -8 - -1.
-1
Evaluate 5 + (-16 - -11) + (5 - -1).
6
0 - (3 + (3 - 2) - 3)
-1
Calculate (-5 - -9) + -10 - -3.
-3
What is 2 + (-4 - -9) - 4 - -8?
11
Calculate 1 + (-1 + -7 + 10 - 1).
2
What is (9 - (9 - 2)) + 3?
5
What is -4 + 2 + 9 + (-8 - -2)?
1
-8 + -1 - (21 - 25)
-5
-9 - (-6 + -1) - (-7 - -1)
4
Calculate 9 + -1 + (-20 - -4).
-8
What is -55 - -53 - (1 - 8)?
5
Calculate -5 - -1 - (-1 + -2).
-1
Calculate 7 + -2 + 4 + -6.
3
Calculate (-1 - -5) + -1 + 6 + -5.
4
Evaluate 10 + -1 + -33 + 30.
6
Calculate (1 - 1 - -11) + (-10 - -5).
6
-3 - (2 - 7) - (15 + -14)
1
Evaluate 10 - 0 - (80 - 75).
5
What is 4 - (-5 + 13 - 5)?
1
Calculate -3 + -4 + 15 + -6 + -3.
-1
What is -1 + 0 + -7 + 6?
-2
What is the value of (-1 - 7) + (-11 - -9) - 0?
-10
Evaluate 2 - (-1 - (4 + -10)).
-3
Calculate 14 - (-10 - -9 - -8).
7
What is (-8 - -10) + -5 - -2?
-1
Calculate (-44 - -49) + 1 + -12.
-6
Evaluate 5 + 2 + -2 - 8.
-3
What is 0 + -2 - -6 - (7 - 1)?
-2
What is 1 - (1 + -3 + 8 + -7)?
2
What is the value of -7 + -5 + (6 - 5) + 5?
-6
(46 - 37) + 2 + -8
3
Evaluate 1 - (-7 - -5) - (-4 + 13).
-6
What is -3 - (-8 + -6 + 10)?
1
What is the value of (3 - 2) + -2 + 2 + -1?
0
Calculate (12 - (-15 + 18)) + (1 - 5).
5
What is 2 - ((4 - 1) + 1)?
-2
What is the value of 3 + 2 + -12 + 14 + -4?
3
What is the value of (-1 - -4 - 2) + -1 + 2?
2
-20 + 4 + 3 + 6 - -11
4
Calculate 7 - (5 - (3 - 2)) - 2.
1
Calculate (5 + -3 - 5 - -3) + 2.
2
Evaluate -13 - -17 - (8 + -1).
-3
Calculate -5 + 3 + -3 + 14.
9
What is the value of -12 - ((-3 - -7) + -10)?
-6
What is the value of -4 + 12 + 3 - 21?
-10
What is the value of (-2 - 13) + 12 + -6?
-9
Calculate 7 + 1 + -11 + 0.
-3
What is the value of 5 - -3 - (-9 - -24)?
-7
What is the value of 3 + (-6 - (-15 - -6)) + -6?
0
Evaluate (-4 - (-4 + 6)) + 2 + 4.
0
Evaluate 8 + (-11 - -2) - 4.
-5
Calculate (0 - 1) + 1 + -5 + -1.
-6
Evaluate -7 - (-4 - -5) - -2.
-6
What is -4 - (-2 + -2 - 1)?
1
-6 + ((0 - 1) + 5 - 1)
-3
What is (7 + -6 - -3) + 5?
9
Calculate 6 - (8 - 12 - (1 + -5)).
6
What is the value of 4 - (3 + -1) - -2 - 2?
2
Calculate 13 - (-1 - (-5 + 14 - 18)).
5
What is -1 - (2 + 3 + -9)?
3
What is the value of -4 - (-10 + (3 - -3))?
0
What is -12 - ((-7 - -3) + 0)?
-8
Calculate 0 + (-2 - -1) + -54 + 56.
1
Evaluate -5 + (-11 - -7 - 2) + 3.
-8
What is -3 - (11 + -5 + -9)?
0
What is the value of -5 - (7 + -4 - 13 - -4)?
1
Calculate 1 + 5 - 9 - -9.
6
-1 - 2 - (1 + (2 - 5))
-1
What is the value of 2 + (2 - (-5 - -10))?
-1
0 + 3 + -7 + 2 - -4
2
(-3 - 0) + 1 + 2 - 2
-2
-7 + (6 - -2 - 2) + -2
-3
What is the value of -43 + 45 + 2 + 1?
5
What is the value of 1 - (-16 + 15 + (10 - 2))?
-6
Evaluate -17 + 11 - (6 - 6).
-6
What is 6 + (-6 - -1 - 0)?
1
Evaluate (0 - 3) + 17 + -9.
5
Calculate 3 + 0 + 1 - (45 + -36).
-5
Evaluate 16 - 25 - (3 + -4).
-8
Evaluate (-1 - 2) + 0 + 15 + -10.
2
What is 2 + (19 + -6 + -7 - 17)?
-9
What is the value of 1 + -5 + 3 + 0 - -1?
0
Calculate ((4 - -6) + -6 - 1) + 4.
7
Calculate (14 - (15 + -1)) + (-2 - -10).
8
What is the value of 7 + -1 - ((6 - 9) + 6)?
3
Evaluate 5 + 4 + -12 + 9.
6
Evaluate -1 - (3 + (-9 - -4) + -1).
2
What is the value of 3 + -3 + -5 + 9 + 2?
6
What is the value of -4 + (0 - (10 - 21))?
7
What is 9 + 5 + -11 + 4?
7
Calculate -9 + 4 + 4 + 4.
3
Evaluate -9 - ((9 - 8) + -7).
-3
Calculate -3 + -11 + 6 + 0 + 1.
-7
Calculate 6 + (4 - 9) + 0.
1
Calculate 21 + -12 + (-6 - 0).
3
Calculate 6 + (-7 - 7 - (4 + -11)).
-1
What is the value of 5 - 5 - (4 - 6)?
2
What is -3 + (4 - (-8 + 8))?
1
What is (19 - 21) + 1 + 1?
0
Calculate -16 - -9 - (0 + -1).
-6
Calculate -4 - (-7 - -3 - (5 - 5)).
0
-1 + (7 - 3) + -9
-6
What is the value of -2 + (-13 - -7 - (3 - 4))?
-7
What is (-1 - -6) + 0 + 2 + -1?
6
What is (-5 + 0 + 3 - -5) + -1?
2
Calculate -7 + 10 + -1 + 2.
4
Calculate 64 + -65 - (0 + -2).
1
Calculate 7 + -8 + 1 + 0.
0
What is the value of 0 + (-1 - 4) + (4 - -1)?
0
What is 5 + -2 + -6 + -5?
-8
3 + 2 - (-3 + (-17 - -18))
7
What is (7 - 10) + -3 - -7?
1
What is the value of (-3 + -1 - (5 - 9)) + 3?
3
Evaluate 5 + (9 - (-7 + 15)).
6
11 - (-12 + 3 - -16)
4
Calculate 5 + (-5 + 6 - 3) + -1.
2
What is 0 - 4 - (-26 - -24)?
-2
What is 1 + (1 - (1 + -5)) + -6?
0
(-3 - 0) + (2 - -2) + -3
-2
Evaluate (-20 - -26) + -5 + (-2 - -2).
1
What is the value of 0 - (1 - 2 - -2)?
-1
What is the value of 3 + -4 + 4 + (-8 - -9)?
4
(-7 - -1 - 2) + (-10 - -14)
-4
-52 + 50 + (-2 - -1)
-3
Calculate 2 - (-3 - ((1 - 4) + 3)).
5
Evaluate 4 + -2 + (3 - (2 + 2)).
1
3 + -6 + (-7 - -5) - -10
5
Evaluate 12 + (24 - 13) + -13.
10
Evaluate 1 + -6 + (-5 - -3 - -3).
-4
What is -3 + 0 + -3 - (-25 + 19)?
0
What is (2 - 3) + (-1 - 4 - -2)?
-4
What is 7 + (-7 - -10) + -2?
8
What is -10 + 0 + 26 + -11?
5
-6 + 0 + -3 + 5
-4
What is 3 + 0 - ((7 - -6) + -7)?
-3
Evaluate -1 + -13 + 9 + 5.
0
What is -39 + 37 + (4 - (2 - 0))?
0
What is -1 - ((-6 - (4 - 4)) + -1)?
6
-24 + 24 - (1 - 1 - 0)
0
Evaluate 5 + -1 + (0 - (4 - 3)).
3
Evaluate -1 - (3 + 5) - -13.
4
What is 7 - ((-5 - (8 - 20)) + 6)?
-6
Calculate 13 + -9 + (-5 - -1).
0
-8 + 6 + (-4 - -2)
-4
What is (-1 + 4 - -2) + -4 + 1?
2
Evaluate (2 - 2) + -5 + 4 + 3.
2
Evaluate 5 + (-7 - 3) - (-7 - -1).
1
Calculate 4 + -4 - (7 - -4 - 9).
-2
Evaluate 0 + -3 + 3 + 1 + 1.
2
Calculate (2 - (-2 - -4)) + 25 + -29.
-4
Evaluate -11 - -13 - (1 + 0).
1
Calculate 1 + -1 + -8 + (-7 - -18).
3
0 - (-7 + 2 + 2)
3
Calculate -2 + 5 + -8 + 1 + 3.
-1
0 - -4 - (2 - 1)
3
What is the value of 0 - -7 - (-9 - -13)?
3
What is the value of 9 + -11 + (1 - -4)?
3
6 + (-13 + 8 - -4 - 4)
1
Evaluate 1 + -5 + 0 + 3.
-1
What is the value of 1 + -7 - (5 - 14)?
3
-1 + -3 - ((0 - 1) + 1)
-4
What is 0 + -1 + (-23 - -22)?
-2
What is 18 + -21 + 0 + -5?
-8
What is 5 + -20 + 9 + 1?
-5
What is (-5 - -5) + 3 + -10 + 7?
0
-6 + 3 + 6 + -2 + -6
-5
Calculate 4 - (6 + 4 + -3).
-3
(4 - 0) + (-32 - -32) - 6
-2
Evaluate -51 + 56 + (1 - (1 + 0)).
5
Calculate 5 + 